-5*u + s = -2*j, u + 3*u + 5*j = 67. Suppose -u + 188 = n. What are the prime factors of n?
2, 5, 17
List the prime factors of 7*(-32)/504 + 23/9*719.
11, 167
Suppose 4*w = 3*o - 241230, 3*o - 241227 = -550*w + 553*w. What are the prime factors of o?
2, 3, 1489
What are the prime factors of (14355/(-4))/((71/142)/(-1*2))?
3, 5, 11, 29
Suppose -c - 7*c = 464. Let q be 90*(42/(-4))/7. Let y = c - q. List the prime factors of y.
7, 11
Suppose 1210 = w - 2*z, z - 8602 + 2508 = -5*w. List the prime factors of w.
2, 3, 7, 29
Suppose 6*l - 48930 = -5*i + 27552, 4*l = -12. What are the prime factors of i?
2, 3, 5, 17
Suppose 5*r + 100782 = 3*g, 249*g + 67113 = 251*g + 5*r. What are the prime factors of g?
3, 7, 13, 41
Let g = 180 - 203. Let w(c) = 2*c**2 + 13*c - 11. List the prime factors of w(g).
2, 11, 17
Suppose 4*k - 5*h - 3 = 0, 0 = -3*k + 4*h - 2*h - 3. Let a = 21 + k. Suppose a*l - 21*l + 264 = 0. List the prime factors of l.
2, 11
Let n(d) = 2951*d - 248. List the prime factors of n(2).
2, 11, 257
List the prime factors of (-1)/(8*(-4)/339776).
2, 5309
Let y = -100 + 108. Suppose 2*u = y*u + 252. What are the prime factors of 4/((-8)/u) - (7 - 10)?
2, 3
Let o(h) = -2*h**3 - 16*h**2 + h + 10. Let s be o(-8). Suppose -2072 = -5*c - s*b, -572 = -c + 2*b - 148. List the prime factors of c.
2, 13
Let b = -4289 + 71924. What are the prime factors of b?
3, 5, 167
Suppose -58436 = -2*w - 0*w - 5*k, 2*k = -w + 29218. What are the prime factors of w?
2, 7, 2087
List the prime factors of 0 - (4/38 + 3354408/(-684)).
2, 613
Let n = 264 - 105. Let z = 388 - n. What are the prime factors of z?
229
List the prime factors of ((-7)/3)/((-3)/15)*(80 - -70).
2, 5, 7
Let y(a) = 25*a - 6. Let h(j) = -24*j + 43. Let p be h(4). Let w = p + 59. What are the prime factors of y(w)?
2, 3
Let b = 10826 + -7083. Suppose -8*t = -13*t + z + b, 2*t + z - 1500 = 0. List the prime factors of t.
7, 107
Let f = 272 - 976. Let d = -375 - f. What are the prime factors of d?
7, 47
Let u(c) = c**2 - 62*c - 99. What are the prime factors of u(-56)?
23, 283
Let k = -17 - 1. Let t = -16 - k. Suppose t*x = -x + 276. List the prime factors of x.
2, 23
Let r(b) = -b**3 + 12*b**2 - 28*b + 8. Let u be r(3). What are the prime factors of (u + -6)*(1 - 810)?
809
Suppose 4*f + 4 = 0, 10*t + 4085 = 13*t - 5*f. List the prime factors of t.
2, 5, 17
Suppose -62*f + 164464 - 49482 = -578364. List the prime factors of f.
53, 211
Suppose -73*i + 71*i + 3*u = -25523, -3*u = -i + 12754. What are the prime factors of i?
113
Suppose -167*z + 3556979 = 2004088 - 2624781. List the prime factors of z.
2, 53, 59
Let n be (1 - -1) + (-40 - -38). Suppose -4*z - l = -1753, 2*z + l = -n*z + 875. List the prime factors of z.
439
Let v = -78 + 68. Let u(k) = k**2 - k + 41. Let p be u(v). Let d = p - 88. What are the prime factors of d?
3, 7
Let p(s) = -s + 1. Let y(f) = 12*f - 21. Let q(g) = 15*p(g) + y(g). Let a be q(-2). Suppose 2*h = -a + 92. List the prime factors of h.
2, 23
Let j be ((-2)/(-4))/(1/4). Suppose 1 + 3 = j*g. Suppose -5*u = 3*w, -2*w + 8 = -g*u - 8. List the prime factors of w.
5
Suppose 50 = 2*f + 3*f. Let b(a) = -343*a + 24 + 180*a + 167*a. What are the prime factors of b(f)?
2
Let b = 89305 - 52943. What are the prime factors of b?
2, 18181
Let k = -50 - 267. Let t = 223 - k. What are the prime factors of t?
2, 3, 5
Suppose 0 = -11*b - 67 - 32. Let h be 3*b/(-2 - -5). List the prime factors of 6/h*-65*(-15)/(-10).
5, 13
Let r(g) = 31*g**2 - 94*g + 131. Let o(j) = 11*j**2 - 31*j + 44. Let t(l) = -11*o(l) + 4*r(l). List the prime factors of t(17).
2, 3, 13
Let u be 0 + 0 - 7/7. Let h(l) be the first derivative of -29*l**2/2 + 4*l - 13. List the prime factors of h(u).
3, 11
Suppose -394*u - 488254 = -483*u. What are the prime factors of u?
2, 13, 211
What are the prime factors of (250/120*-237)/(1/(-8))?
2, 5, 79
Let d = 51 + -45. Let q(i) = d*i + 6*i - 9*i + 2*i**2 + 6. What are the prime factors of q(-8)?
2, 5, 11
Suppose 0 = -g, -6*o = -5*o - 3*g - 30. Let c = o - 27. List the prime factors of (-72)/4*(-1)/c*2.
2, 3
Let l = -21 + 62. Suppose -l = 10*c + 59. What are the prime factors of (-1504)/c + 54/(-135)?
2, 3, 5
Let w(d) = -d**2 - 25*d. Let o be w(-25). Suppose -3*x = 3*b - 726, -4*x + o*b + 932 = -5*b. What are the prime factors of x?
2, 7, 17
Let g = -5069 + 9292. What are the prime factors of g?
41, 103
Let a = -2156 - -2426. What are the prime factors of a?
2, 3, 5
Let a(w) be the second derivative of -32*w + 0 - 2*w**3 + 1/2*w**2. What are the prime factors of a(-13)?
157
Suppose -7*m + 0*m = 0. Suppose -2*p - 4*f + 52 = 0, m = -3*p - p + 3*f + 126. Let q = p - -3. What are the prime factors of q?
3, 11
Let q = 42 - 37. Suppose q*k = 5*s + 1330, 3*s = k + 3*k - 1069. Let y = -91 + k. What are the prime factors of y?
2, 3, 5
Suppose -2*w + 1508 = 2*w. Let g = 3909 - 3906. Suppose -g*x + w = -100. What are the prime factors of x?
3, 53
Suppose 5*v = -j + 2165 + 657, 0 = -4*v - 12. Suppose 3*u - 4*o - j = o, 4*u - 4*o = 3772. What are the prime factors of u?
3, 313
Let c(x) = -3*x - 13. Let o be c(-5). Suppose 5*t + o = -u + 217, -5*u = -3*t - 1187. What are the prime factors of u?
5, 47
Let b = 368 - 782. Let c be b/(-4) + (-14)/28. Let t = 15 + c. What are the prime factors of t?
2, 59
Let o = -38004 - -56605. List the prime factors of o.
11, 19, 89
Suppose -3*b - 9 = 0, 6*i - i - 31 = 2*b. Suppose -s + 698 = -2*u, -i*s - 1473 + 4949 = 4*u. What are the prime factors of s?
2, 3, 29
Let a(t) = t**2 - 14*t - 28. Let h be ((-55)/(-4) - -3) + 9/(-12). What are the prime factors of a(h)?
2
Suppose h = 5*f + 58311, 4*f = -5*h + 280890 + 10665. List the prime factors of h.
3, 11, 19, 31
Let q = 308 + 1843. Let a = q - 888. List the prime factors of a.
3, 421
Suppose 9*l - 72 = 18. Suppose 11*f - l*f = 2. Suppose 5*c - 595 = -3*n - 2*n, -n = f*c - 240. What are the prime factors of c?
11
Suppose 2*l = 7*l + 75. Let r = l - -16. List the prime factors of (r - 0)*(28 - 1 - 6).
3, 7
Let g be (((-912)/(-10))/(-3))/(24/660). Let i = 754 - g. What are the prime factors of i?
2, 3, 5, 53
Suppose 3*r = -9, -10*r = 5*n - 9*r - 1892. Suppose -376*i = -n*i + 1944. What are the prime factors of i?
2, 3
Suppose 86*n - 35*n = 204. Suppose 0 = n*q - 3758 + 1474. What are the prime factors of q?
571
Let o(s) = 14118*s + 149. What are the prime factors of o(1)?
11, 1297
Let a be (-5)/((-3)/12*10). Suppose -a*j + 4*b = 2, -3*b - 3 = -3*j - 9. What are the prime factors of (-60 + (-6)/j)*15/(-3)?
2, 5, 29
Let p = 200 + -197. What are the prime factors of 1057/21 - p/9?
2, 5
Suppose -7584 = 3*a - 4*a - 8*b, -b = -a + 7548. List the prime factors of a.
2, 59
Suppose -2 = -33*s + 32*s. Suppose -s*b + 576 = 2*f, -26 = f + 5*b - 318. What are the prime factors of f?
7, 41
Suppose -1867 = -9*q + 320. Let m = q - -377. List the prime factors of m.
2, 5, 31
Let v = 7250 + 1472. List the prime factors of v.
2, 7, 89
Let g(z) = -7*z**3 - 2*z**2 - 17*z - 10. What are the prime factors of g(-4)?
2, 3, 79
Let k be (14 - 12)*1*1622. List the prime factors of 60/210 + k/14.
2, 29
Let c = 7427 - 4808. What are the prime factors of c?
3, 97
Let z(m) = -3*m**2 + 4*m + 4*m**2 - 49 + 42. Let b be z(2). Suppose 2*q + i - 2 = 0, -16 = -b*q + 4*i - i. List the prime factors of q.
2
Let h(n) = 62*n**3 - 14*n**2 + 31*n - 7. List the prime factors of h(8).
3, 43, 241
Let a = -127 - -162. Let b = 112 + a. What are the prime factors of b?
3, 7
Suppose -x = -3*z - 30087, 134*z = 5*x + 139*z - 150495. What are the prime factors of x?
2, 3, 11, 19
Let m be 1133/6 + (-1)/(-6). Suppose -m = -5*z - 3*i, i = 6*i + 10. Let a = 111 - z. List the prime factors of a.
2, 3
Suppose -2*l + 3*z + 32366 = 0, 0 = 5*l + 4*z - 72003 - 8843. What are the prime factors of l?
2, 8087
Let b(w) = 38*w**2 + 38*w + 60. List the prime factors of b(-18).
2, 3, 487
Let a(r) = r**3 - 9*r**2 + 2*r - 150. Let h be a(11). Suppose y + 4*g = h + 577, -3*g = -5*y + 3409. What are the prime factors of y?
683
Suppose 0 = n - 6, 252*n + 259087 = 5*r + 249*n. What are the prime factors of r?
7, 11, 673
Suppose 8*o - 38782 = 34098. What are the prime factors of o?
2, 5, 911
Let r(v) be the third derivative of -v**5/60 + 3*v**4/8 + 49*v**3/6 + 10*v**2. What are the prime 